{"id":7,"date":"2025-10-14T15:59:12","date_gmt":"2025-10-14T13:59:12","guid":{"rendered":"http:\/\/harpernew.amplifier.ch\/?page_id=7"},"modified":"2025-10-16T16:27:56","modified_gmt":"2025-10-16T14:27:56","slug":"harper-amplifiers","status":"publish","type":"page","link":"http:\/\/harpernew.amplifier.ch\/","title":{"rendered":""},"content":{"rendered":"\n<p><\/p>\n\n\n\n<p><\/p>\n\n\n\n<p>Diese Amps werden in der Schweiz entworfen, entwickelt und weitgehend auch gebaut.<\/p>\n\n\n\n<p>Die Komponenten sind weltweit eingekauft, da in der Schweiz sehr wenig Teile hergestellt werden.<br>Die Geh\u00e4use sind aus Multiplex Birke und eben nicht aus Spanplatte.<br>F\u00fcr Bauteile wie Widerst\u00e4nde und Kondensatoren werden ausschliesslich solche in hier \u00fcblicher Industriequalit\u00e4t verbaut. Und die Leiterplatten sind aus Epoxy.<br>Chassis aus verzinkem Stahlblech sind eher \u00fcberdimensioniert und damit weitgehend verwindungssteif sowie solide Grundlage f\u00fcr verbaute Transformatoren etc.<\/p>\n\n\n\n<p>Die Verst\u00e4rker sind reine R\u00f6hrenverst\u00e4rker. Das heisst der Signalpfad wird nur mit R\u00f6hren verst\u00e4rkt. Gleichrichtung ist SolidState, Ansteuerung der Hall Elemente ebenfalls.<\/p>\n\n\n\n<p>Die klangliche Ausrichtung geht in Richtung Blues, diese ergibt die optimale M\u00f6glichkeiten von Clean bis angezerrt oder heiser mit dem Instrument zu beeinflussen.<\/p>\n\n\n\n<p>Die Amps sind ausgerichtet auf den Sound den die Gitarre liefern muss.<br>Wenn gr\u00f6ssere Lautst\u00e4rke, in grossen R\u00e4umen, notwendig wird, so empfehlen wir den HARPER Amp mit einem Microphon abzunehmen.<br>Damit bleibt der Sound immer in der Verantwortung des Gitarristen.<\/p>\n\n\n\n<p><\/p>\n","protected":false},"excerpt":{"rendered":"<p>Diese Amps werden in der Schweiz entworfen, entwickelt und weitgehend auch gebaut. Die Komponenten sind weltweit eingekauft, da in der Schweiz sehr wenig Teile hergestellt werden.Die Geh\u00e4use sind aus Multiplex Birke und eben nicht aus Spanplatte.F\u00fcr Bauteile wie Widerst\u00e4nde und Kondensatoren werden ausschliesslich solche in hier \u00fcblicher Industriequalit\u00e4t verbaut. Und die Leiterplatten sind aus Epoxy.Chassis &hellip; <a href=\"http:\/\/harpernew.amplifier.ch\/\" class=\"more-link\"><span class=\"screen-reader-text\"><\/span> weiterlesen <span class=\"meta-nav\">&rarr;<\/span><\/a><\/p>\n","protected":false},"author":1,"featured_media":154,"parent":0,"menu_order":0,"comment_status":"closed","ping_status":"closed","template":"","meta":{"footnotes":""},"class_list":["post-7","page","type-page","status-publish","has-post-thumbnail","hentry"],"yoast_head":"<!-- This site is optimized with the Yoast SEO plugin v26.4 - https:\/\/yoast.com\/wordpress\/plugins\/seo\/ -->\n<title>- HARPER Amplifier<\/title>\n<meta name=\"robots\" content=\"index, follow, max-snippet:-1, max-image-preview:large, max-video-preview:-1\" \/>\n<link rel=\"canonical\" href=\"http:\/\/harpernew.amplifier.ch\/\" \/>\n<meta property=\"og:locale\" content=\"de_DE\" \/>\n<meta property=\"og:type\" content=\"article\" \/>\n<meta property=\"og:title\" content=\"- HARPER Amplifier\" \/>\n<meta property=\"og:description\" content=\"Diese Amps werden in der Schweiz entworfen, entwickelt und weitgehend auch gebaut. Die Komponenten sind weltweit eingekauft, da in der Schweiz sehr wenig Teile hergestellt werden.Die Geh\u00e4use sind aus Multiplex Birke und eben nicht aus Spanplatte.F\u00fcr Bauteile wie Widerst\u00e4nde und Kondensatoren werden ausschliesslich solche in hier \u00fcblicher Industriequalit\u00e4t verbaut. Und die Leiterplatten sind aus Epoxy.Chassis &hellip; weiterlesen &rarr;\" \/>\n<meta property=\"og:url\" content=\"http:\/\/harpernew.amplifier.ch\/\" \/>\n<meta property=\"og:site_name\" content=\"HARPER Amplifier\" \/>\n<meta property=\"article:modified_time\" content=\"2025-10-16T14:27:56+00:00\" \/>\n<meta property=\"og:image\" content=\"http:\/\/harpernew.amplifier.ch\/wp-content\/uploads\/2025\/10\/LG_HarperHead.jpg\" \/>\n\t<meta property=\"og:image:width\" content=\"339\" \/>\n\t<meta property=\"og:image:height\" content=\"75\" \/>\n\t<meta property=\"og:image:type\" content=\"image\/jpeg\" \/>\n<meta name=\"twitter:card\" content=\"summary_large_image\" \/>\n<meta name=\"twitter:label1\" content=\"Gesch\u00e4tzte Lesezeit\" \/>\n\t<meta name=\"twitter:data1\" content=\"1\u00a0Minute\" \/>\n<script type=\"application\/ld+json\" class=\"yoast-schema-graph\">{\"@context\":\"https:\/\/schema.org\",\"@graph\":[{\"@type\":\"WebPage\",\"@id\":\"http:\/\/harpernew.amplifier.ch\/\",\"url\":\"http:\/\/harpernew.amplifier.ch\/\",\"name\":\"- HARPER Amplifier\",\"isPartOf\":{\"@id\":\"http:\/\/harpernew.amplifier.ch\/#website\"},\"primaryImageOfPage\":{\"@id\":\"http:\/\/harpernew.amplifier.ch\/#primaryimage\"},\"image\":{\"@id\":\"http:\/\/harpernew.amplifier.ch\/#primaryimage\"},\"thumbnailUrl\":\"http:\/\/harpernew.amplifier.ch\/wp-content\/uploads\/2025\/10\/LG_HarperHead.jpg\",\"datePublished\":\"2025-10-14T13:59:12+00:00\",\"dateModified\":\"2025-10-16T14:27:56+00:00\",\"inLanguage\":\"de-CH\",\"potentialAction\":[{\"@type\":\"ReadAction\",\"target\":[\"http:\/\/harpernew.amplifier.ch\/\"]}]},{\"@type\":\"ImageObject\",\"inLanguage\":\"de-CH\",\"@id\":\"http:\/\/harpernew.amplifier.ch\/#primaryimage\",\"url\":\"http:\/\/harpernew.amplifier.ch\/wp-content\/uploads\/2025\/10\/LG_HarperHead.jpg\",\"contentUrl\":\"http:\/\/harpernew.amplifier.ch\/wp-content\/uploads\/2025\/10\/LG_HarperHead.jpg\",\"width\":339,\"height\":75},{\"@type\":\"WebSite\",\"@id\":\"http:\/\/harpernew.amplifier.ch\/#website\",\"url\":\"http:\/\/harpernew.amplifier.ch\/\",\"name\":\"HARPER Amplifier\",\"description\":\"Amplifiers aus der Schweiz\",\"publisher\":{\"@id\":\"http:\/\/harpernew.amplifier.ch\/#organization\"},\"potentialAction\":[{\"@type\":\"SearchAction\",\"target\":{\"@type\":\"EntryPoint\",\"urlTemplate\":\"http:\/\/harpernew.amplifier.ch\/?s={search_term_string}\"},\"query-input\":{\"@type\":\"PropertyValueSpecification\",\"valueRequired\":true,\"valueName\":\"search_term_string\"}}],\"inLanguage\":\"de-CH\"},{\"@type\":\"Organization\",\"@id\":\"http:\/\/harpernew.amplifier.ch\/#organization\",\"name\":\"HARPER Amplifier\",\"url\":\"http:\/\/harpernew.amplifier.ch\/\",\"logo\":{\"@type\":\"ImageObject\",\"inLanguage\":\"de-CH\",\"@id\":\"http:\/\/harpernew.amplifier.ch\/#\/schema\/logo\/image\/\",\"url\":\"http:\/\/harpernew.amplifier.ch\/wp-content\/uploads\/2025\/10\/LG_HarperHead.jpg\",\"contentUrl\":\"http:\/\/harpernew.amplifier.ch\/wp-content\/uploads\/2025\/10\/LG_HarperHead.jpg\",\"width\":339,\"height\":75,\"caption\":\"HARPER Amplifier\"},\"image\":{\"@id\":\"http:\/\/harpernew.amplifier.ch\/#\/schema\/logo\/image\/\"}}]}<\/script>\n<!-- \/ Yoast SEO plugin. -->","yoast_head_json":{"title":"- HARPER Amplifier","robots":{"index":"index","follow":"follow","max-snippet":"max-snippet:-1","max-image-preview":"max-image-preview:large","max-video-preview":"max-video-preview:-1"},"canonical":"http:\/\/harpernew.amplifier.ch\/","og_locale":"de_DE","og_type":"article","og_title":"- HARPER Amplifier","og_description":"Diese Amps werden in der Schweiz entworfen, entwickelt und weitgehend auch gebaut. Die Komponenten sind weltweit eingekauft, da in der Schweiz sehr wenig Teile hergestellt werden.Die Geh\u00e4use sind aus Multiplex Birke und eben nicht aus Spanplatte.F\u00fcr Bauteile wie Widerst\u00e4nde und Kondensatoren werden ausschliesslich solche in hier \u00fcblicher Industriequalit\u00e4t verbaut. Und die Leiterplatten sind aus Epoxy.Chassis &hellip; weiterlesen &rarr;","og_url":"http:\/\/harpernew.amplifier.ch\/","og_site_name":"HARPER Amplifier","article_modified_time":"2025-10-16T14:27:56+00:00","og_image":[{"width":339,"height":75,"url":"http:\/\/harpernew.amplifier.ch\/wp-content\/uploads\/2025\/10\/LG_HarperHead.jpg","type":"image\/jpeg"}],"twitter_card":"summary_large_image","twitter_misc":{"Gesch\u00e4tzte Lesezeit":"1\u00a0Minute"},"schema":{"@context":"https:\/\/schema.org","@graph":[{"@type":"WebPage","@id":"http:\/\/harpernew.amplifier.ch\/","url":"http:\/\/harpernew.amplifier.ch\/","name":"- HARPER Amplifier","isPartOf":{"@id":"http:\/\/harpernew.amplifier.ch\/#website"},"primaryImageOfPage":{"@id":"http:\/\/harpernew.amplifier.ch\/#primaryimage"},"image":{"@id":"http:\/\/harpernew.amplifier.ch\/#primaryimage"},"thumbnailUrl":"http:\/\/harpernew.amplifier.ch\/wp-content\/uploads\/2025\/10\/LG_HarperHead.jpg","datePublished":"2025-10-14T13:59:12+00:00","dateModified":"2025-10-16T14:27:56+00:00","inLanguage":"de-CH","potentialAction":[{"@type":"ReadAction","target":["http:\/\/harpernew.amplifier.ch\/"]}]},{"@type":"ImageObject","inLanguage":"de-CH","@id":"http:\/\/harpernew.amplifier.ch\/#primaryimage","url":"http:\/\/harpernew.amplifier.ch\/wp-content\/uploads\/2025\/10\/LG_HarperHead.jpg","contentUrl":"http:\/\/harpernew.amplifier.ch\/wp-content\/uploads\/2025\/10\/LG_HarperHead.jpg","width":339,"height":75},{"@type":"WebSite","@id":"http:\/\/harpernew.amplifier.ch\/#website","url":"http:\/\/harpernew.amplifier.ch\/","name":"HARPER Amplifier","description":"Amplifiers aus der Schweiz","publisher":{"@id":"http:\/\/harpernew.amplifier.ch\/#organization"},"potentialAction":[{"@type":"SearchAction","target":{"@type":"EntryPoint","urlTemplate":"http:\/\/harpernew.amplifier.ch\/?s={search_term_string}"},"query-input":{"@type":"PropertyValueSpecification","valueRequired":true,"valueName":"search_term_string"}}],"inLanguage":"de-CH"},{"@type":"Organization","@id":"http:\/\/harpernew.amplifier.ch\/#organization","name":"HARPER Amplifier","url":"http:\/\/harpernew.amplifier.ch\/","logo":{"@type":"ImageObject","inLanguage":"de-CH","@id":"http:\/\/harpernew.amplifier.ch\/#\/schema\/logo\/image\/","url":"http:\/\/harpernew.amplifier.ch\/wp-content\/uploads\/2025\/10\/LG_HarperHead.jpg","contentUrl":"http:\/\/harpernew.amplifier.ch\/wp-content\/uploads\/2025\/10\/LG_HarperHead.jpg","width":339,"height":75,"caption":"HARPER Amplifier"},"image":{"@id":"http:\/\/harpernew.amplifier.ch\/#\/schema\/logo\/image\/"}}]}},"_links":{"self":[{"href":"http:\/\/harpernew.amplifier.ch\/index.php\/wp-json\/wp\/v2\/pages\/7","targetHints":{"allow":["GET"]}}],"collection":[{"href":"http:\/\/harpernew.amplifier.ch\/index.php\/wp-json\/wp\/v2\/pages"}],"about":[{"href":"http:\/\/harpernew.amplifier.ch\/index.php\/wp-json\/wp\/v2\/types\/page"}],"author":[{"embeddable":true,"href":"http:\/\/harpernew.amplifier.ch\/index.php\/wp-json\/wp\/v2\/users\/1"}],"replies":[{"embeddable":true,"href":"http:\/\/harpernew.amplifier.ch\/index.php\/wp-json\/wp\/v2\/comments?post=7"}],"version-history":[{"count":8,"href":"http:\/\/harpernew.amplifier.ch\/index.php\/wp-json\/wp\/v2\/pages\/7\/revisions"}],"predecessor-version":[{"id":192,"href":"http:\/\/harpernew.amplifier.ch\/index.php\/wp-json\/wp\/v2\/pages\/7\/revisions\/192"}],"wp:featuredmedia":[{"embeddable":true,"href":"http:\/\/harpernew.amplifier.ch\/index.php\/wp-json\/wp\/v2\/media\/154"}],"wp:attachment":[{"href":"http:\/\/harpernew.amplifier.ch\/index.php\/wp-json\/wp\/v2\/media?parent=7"}],"curies":[{"name":"wp","href":"https:\/\/api.w.org\/{rel}","templated":true}]}}